ue of -5 + (55 + -26 - (10 + -2))?
16
Calculate (-4 - -19) + -33 + 9.
-9
Calculate 13 + 2 - (5 + 6) - 1.
3
What is the value of 13 + -19 + (8 - 2) + -22?
-22
Evaluate 4 + -1 + (35 - 41) - 1.
-4
What is 2 + 27 - (254 - 239)?
14
What is 5 + (17 + -10 - (2 + 0 - 1))?
11
What is 303 - 316 - (-25 - -1)?
11
Evaluate (-8 - (-4 + -15)) + -8.
3
What is (-11 - ((-8 + 4 - 3) + 2)) + 14?
8
Evaluate -29 - (44 + -33 - 55).
15
What is (-14 - (-3 - 7)) + 7?
3
What is (40 - (13 - -28)) + 2 + -13?
-12
Evaluate (-6 - (-1 + 2)) + (-5 - (2 + -13)).
-1
Calculate -1 - -5 - (41 - (-39 + 74)).
-2
1 - 0 - -18 - (7742 + -7722)
-1
-7 + (-24 - -12) + (1 - -2)
-16
What is the value of 2 - -6 - (3 + -9 + 10 + 1)?
3
What is 40 + (10 - 26) + -12?
12
(6 - 5 - (-4 - 0)) + 75 + -83
-3
What is the value of -13 + 33 + -10 + (0 - 6) - 16?
-12
What is 3 + 21 - (2 - (-9 - 2) - 5)?
16
Evaluate (15 - -20 - 16) + -9 + 1.
11
(-6 + (2 - -4) - 4) + -1 - 16
-21
Calculate (-12 - -27 - 8) + -3.
4
(-5 - (14 - 23 - -2)) + -7
-5
0 + 8 - (-293 + 311 + -23 + 1)
12
Evaluate -3 - (-16 + 18 + (0 + 2 - 4)).
-3
What is 8 + (1 - (2 - -4)) + -12?
-9
Calculate 92 + -122 - (-2 - 5) - -9.
-14
Calculate 15 + (2 - 3) + (-10 - 27 - -39).
16
Calculate (18 - (22 - 7) - 3) + -2.
-2
Evaluate -15 + (10 + -9 - -11).
-3
Evaluate 5 - 1 - (10 + (-8 - -2)).
0
What is -6 + (10 - (-7 + 8)) + -7 + 29?
25
(-4 - -17) + (10 - (2 - -30))
-9
Calculate (2 - 1 - (0 - 1)) + (-1134 - -1134).
2
Evaluate 6 + (-3 - -3 - 0) + 10 - 3.
13
Evaluate 7 + -3 + (-11 - -4) + (-2 - -5).
0
What is (21 - (0 + (-10 - 0))) + -2 + -2?
27
What is the value of (-28 - (2 + 1 + -18)) + -15?
-28
13 + -12 + (2 - 9)
-6
Evaluate -1 - (-1 + -1 + 4 + (1 - 4)).
0
Calculate -11 - (-16 + -2) - (-2 - (2 + 4)).
15
Calculate 1 + -13 + 5 + 1 + -6.
-12
Evaluate -26 + -26 + 32 - -18.
-2
What is -29 - (-27 - (6 - 4))?
0
Calculate (-16 - (-39 + 13)) + (-1 - (0 + -9)).
18
Calculate 0 + -15 + (-140 - -150).
-5
-15 - -8 - (-5 - 10) - 18
-10
Calculate 11 + (27 - 21) + (-17 - -2).
2
-8 + (14 - 14) - -15
7
-1 + 2 + -2 + (14 - (-13 - -26))
0
What is 34 + (-16 - -6) + -8 + 1?
17
Calculate -5 + (-4 - (9 - 12)).
-6
22 - (3 - (-2 + 8) - (12 - 12))
25
Evaluate (34 - (5 - 2 - 2)) + -83 + 74.
24
(14 + -19 - -12) + -3
4
1 + -9 + -3 - -10
-1
Calculate -273 + 231 + 31 + -2.
-13
Calculate 44 + (15 - 12 - 15 - 4).
28
What is the value of 2 - (-7 + (-14 - 2))?
25
What is the value of 28 - 35 - (-35 + (-5 - (-5 + -2)))?
26
Evaluate (-36 - (-2 - 36)) + 1 + 0.
3
Calculate 1 + -3 + 4 + 4 + -4.
2
0 + 5 + (6 - 11) - (-8 + 35)
-27
Calculate (-2 - (-22 - -4) - 22) + (-23 - -1).
-28
Evaluate -1 - -1 - (11 + 40 + -11 + -5).
-35
What is 4 + 18 + (-4 - 23)?
-5
What is the value of -4 + 16 + (0 + 2 - 18)?
-4
Evaluate -6 + (0 + 12 - 4) + 22.
24
Calculate -6 - -27 - -36 - 34.
23
-7 + -16 + (29 - 15 - 14)
-23
Calculate 31 - (15 + (-5 - (4 + -3))).
22
Calculate (0 - (3 + -1 - -5)) + -17 + 20.
-4
Evaluate 1 + -3 - (8 - ((-8 - -17) + -7)).
-8
What is 4 - ((-3 + -11 - (6 + -1)) + 4)?
19
What is the value of 45 + -31 - (5 + -14)?
23
Calculate -6 - 2 - (-7 - -12).
-13
Evaluate -46 + 8 + 27 + -17.
-28
What is the value of 7 + -2 + (6 - (2 - -6 - 0))?
3
What is -14 + (7 - (37 - 24))?
-20
Calculate 0 - (-1 + 13) - (239 - 251).
0
Calculate -57 - -35 - (-11 - -6).
-17
Evaluate 1 + 5 - (-3 - -12) - 0.
-3
What is the value of -1 + 9 - (-16 + (4 - -15))?
5
What is the value of 41 - (48 - 0 - 31)?
24
Evaluate 1 - 5 - -9 - (-10 + 35).
-20
Evaluate (-1 - (10 + -6 - -2)) + 7.
0
Calculate (7 - -6) + 5 + -2 + -9 - 16.
-9
Evaluate (-2 + -28 + 11 - -44) + 12.
37
What is (-10 - (-16 - -13)) + -1?
-8
-35 - -60 - (0 + (7 - -1))
17
What is the value of 2 - -22 - (-8 - (-19 - -13))?
26
Evaluate -26 - 2 - (-16 + 19 - -3) - 1.
-35
-54 + (-27 - -29) + 22
-30
3 + 4 + -2 + 3 + (-1 - 2)
5
549 + -559 + (1 - 22)
-31
What is the value of 4 + -1 + -8 + -3 - 6?
-14
Calculate (23 - 10) + -6 + 3.
10
Evaluate -10 + -9 + (1 - -20).
2
Evaluate 1 + -9 + 15 + -6 + 3.
4
Calculate 42 - (3 - 3) - (-107 - -122).
27
What is 14 + (-38 - -50 - (5 - -13))?
8
-14 - -10 - 10 - (-5 + 0)
-9
Calculate 0 + (-42 - -30 - (-4 - -13)).
-21
53 + -35 + 3 - 46
-25
What is 77 + -54 - ((0 - (4 - 3)) + 7)?
17
What is 15 + -10 + 9 + -3 + 0 - -3?
14
Evaluate (-116 - -100) + (5 - 0) + 1 + 2.
-8
-1 + -6 + -8 + 20 + 5
10
Calculate (-102 - -123) + 0 + -4.
17
What is the value of 26 + (-29 - 4) + (2 - 0 - -19)?
14
3 - 2 - (0 - -10)
-9
What is 7 + -27 + 13 + (18 - 2)?
9
What is the value of -7 + (13 - 7) - (1 + (-8 - -3))?
3
What is -1 - 12 - (0 + 17 + (-93 - -84))?
-21
Evaluate (6 - -6) + -2 - (-42 - -85).
-33
What is 9 + (-41 - -38) - -23?
29
What is -2 + -17 + -13 + 16?
-16
3 - (3 + (0 - (-5 + 6)))
1
Calculate 19 + -9 - (24 - (2 + -3)).
-15
Evaluate -2 - 19 - (-1 - 26).
6
What is the value of (8 - -1) + -11 + 7 + 2 + -10?
-3
What is the value of -3 + 10 + (16 - (10 + -7 + -6))?
26
What is the value of -53 + 60 - (1 + -9) - 0?
15
What is (-16 - -15) + (9 + (0 - 8) - -1)?
1
(2 - (0 - -1 - (5 + -7))) + -3
-4
-26 - -4 - (2 - (3 - -5))
-16
Calculate (103 - 95 - (12 - -1)) + (5 - 17).
-17
Evaluate 0 - (3 - (-5 - (-2 + 4) - -11)).
1
What is the value of 161 + -125 + 2 + -23?
15
What is the value of -25 - (-4 + -2 + -9)?
-10
What is the value of -1 - (0 - (4 + (-5 - 4)))?
-6
55 + -16 + -5 + (-2 - 2 - 5)
25
Calculate -24 + (5 - (13 + -22)).
-10
What is -15 + -1 + (189 - 159)?
14
What is the value of -34 + 28 + -1 + (6 - 3) - 8?
-12
What is the value of -743 + 718 + (-3 - -7 - (-1 + 1))?
-21
27 - (-19 + 62) - -21
5
What is the value of -1 - 14 - (760 + -800)?
25
What is the value of (4 - -18 - 3) + 10 + -16?
13
(170 - 181) + (0 - 3) + 1
-13
Calculate 0 - 4 - (8 - (-9 - (7 - 29))).
1
Calculate (-13 - -22) + -5 - (0 - -6).
-2
What is the value of 1 - ((-35 - -48) + (10 - 0))?
-22
Calculate (20 - -1) + (-211 - -170).
-20
Evaluate -16 + 30 + -5 + -35.
-26
9 + 0 + (8 - (5 + -11 + 35))
-12
(0 - -2) + (-66 - -72)
8
Calculate 2 - (17 + -3 - (5 + -15 + 9)).
-13
Evaluate -2 + 10 + (-7 - (3 - 4)) + -15.
-13
What is the value of (10 - -33 - 10) + -20?
13
Evaluate (-5 - 2) + 3 + -1 - (31 - 19).
-17
Calculate -3 - (10 - (-7 + 19 + 2)).
1
What is (2 - -7) + (19 - (37 - 21))?
12
(-22 + 12 - (-1 - 0)) + -2 - -28
17
What is the value of -20 - (-12 + -3 + 10) - 18?
-33
What is (2530 + -2519 - (0 + 0 + -11)) + 0?
22
Evaluate (3 - 2) + 7 - (11 - 16).
13
Calculate 0 + -2 + 22 + -34.
-14
1 - 6 - (7 + -2 + (10 - 15))
-5
Calculate 7 + (-6 - 2) + (8 - 1).
6
Calculate -7 - ((18 - -5) + -18).
-12
What is the value of (-57 - -62) + -1 + -1 + -1?
2
-11 + (16 - -7) - (4 - -19)
-11
What is 30 + (15 - 95) + 39?
-11
Calculate 12 - -3 - (21 - 5 - 8).
7
Calculate -533 + 539 - (-7 + (-2 - 0) - -1).
14
What is (-4 + 2 - -8) + -18?
-12
Calculate 2 + 6 + -8 + -1 + -2 + 8.
5
Calculate -64 + 66 - (-3 + 15 + -1).
-9
Evaluate -1102 - -1101 - (2 + -2 - -17 - 1).
-17
-33 + 39 + 36 - 41
1
What is the value of (6 - 10) + -1 - -2 - 1 - 6?
-10
What is (7 + -6 + -3 - -8 - 21) + 6?
-9
-28 + (2 - -11) + -9 + 1
-23
Evaluate (0 - 5) + 4 + -7 - (-8 - -5).
-5
(2 - -1) + (-7 - 1) + -25 + 28
-2
Calculate (-12 - 83) + 76 - (1 - 17).
-3
What is the value of (21 - 8) + -7 + -1?
5
Calculate -11 + (6 + (3 - 1) - (5 - 22)).
14
What is the value of -21 + 14 + 1 + 0 - -3 - 8?
-11
What is (-27 - (-1 + -12)) + -2 + (1 - -1)?
-14
What is the value of 1 - (-5 - ((0 - -6) + -2))?
10
(0 - -16) + 342 + -350 + -2
6
Calculate -3 - ((-7 - (-5 + 7)) + 6).
0
7 - 0 - (269 - 247)
-15
What is the value of -2 - -13 - 1 - 16 - -15?
9
What is the value of 5 - ((2 - (-9 + 2 - -6)) + 5)?
-3
What is the value of -10 - (-22 + (7 - -3) + 2)?
0
Evaluate (-18 - (-18 + -31)) + (4 - 2 - -5).
38
Evaluate 1 + -5 + 7 + (-8 - -10).
5
What is 7 - ((1 - 3) + 10 + -9)?
8
Calculate 60 - 34 - (-2 - -13) - (1 - 5).
19
What is the value of 53 + -56 + (1 - 7) - -1?
-8
1 + (-2 - (-6 + (-1 - -4)) - -1)
3
Evaluate (-2 - (28 + -12)) + 45.
27
Calculate 5 + 3 + 9 + (-27 - -9) + 14.
13
What is 27 - (8 + -22 - -22)?
19
10 + (3 - 4 - 3) - (5 + 0)
1
Calculate (-6 - 2 - -32 - 0) + -8 + 11.
27
What is the value of 1 + 3 - (-323 - -330) - 19?
-22
7 + -7 + -5 + 14 + -3 + 0
6
What is (-1 - -2 - (-9 - -16)) + 0?
-6
Calculate (-53 - -57 - (2 - 12)) + (-1 - 5).
8
What is 22 - (-4 + 9 + 6)?
11
What is 54 